{"id":14825,"date":"2017-01-20T09:23:19","date_gmt":"2017-01-20T09:23:19","guid":{"rendered":"http:\/\/sabriagabarro.com\/?post_type=project&#038;p=14825"},"modified":"2017-01-20T09:28:30","modified_gmt":"2017-01-20T09:28:30","slug":"propriete-intellectuelle-et-industrielle","status":"publish","type":"project","link":"https:\/\/sabriagabarro.com\/fr\/project\/propriete-intellectuelle-et-industrielle\/","title":{"rendered":"Propri\u00e9t\u00e9 intellectuelle et industrielle"},"content":{"rendered":"<div id=\"cmsmasters_row_\" class=\"cmsmasters_row cmsmasters_color_scheme_default cmsmasters_row_top_default cmsmasters_row_bot_default cmsmasters_row_boxed\">\n<div class=\"cmsmasters_row_outer_parent\">\n<div class=\"cmsmasters_row_outer\">\n<div class=\"cmsmasters_row_inner\">\n<div class=\"cmsmasters_row_margin\">\n<div id=\"cmsmasters_column_\" class=\"cmsmasters_column one_first\">\n<div class=\"cmsmasters_column_inner\"><div class=\"cmsmasters_text\">\n<div class=\"cmsmasters_dropcap type1\">L<\/div>es biens immat\u00e9riels font l\u2019objet d\u2019un commerce tr\u00e8s intense au niveau national et international. C\u2019est la raison pour laquelle leur protection judiciaire et extrajudiciaire s\u2019av\u00e8re n\u00e9cessaire.<\/p>\n<p>Notre cabinet apporte ses services dans les domaines suivants :<\/p>\n<p>&nbsp;<\/p>\n<ul>\n<li>Propri\u00e9t\u00e9 intellectuelle<\/li>\n<li>Propri\u00e9t\u00e9 industrielle<\/li>\n<\/ul>\n<\/div>\n<\/div><\/div>\n<\/div>\n<\/div>\n<\/div>\n<\/div>\n<\/div>\n<div id=\"cmsmasters_row_\" class=\"cmsmasters_row cmsmasters_color_scheme_default cmsmasters_row_top_default cmsmasters_row_bot_default cmsmasters_row_boxed\">\n<div class=\"cmsmasters_row_outer_parent\">\n<div class=\"cmsmasters_row_outer\">\n<div class=\"cmsmasters_row_inner\">\n<div class=\"cmsmasters_row_margin\">\n<div id=\"cmsmasters_column_\" class=\"cmsmasters_column one_first\">\n<div class=\"cmsmasters_column_inner\"><div id=\"cmsmasters_notice_\" class=\"cmsmasters_notice cmsmasters_notice_info cmsmasters-icon-check-1\">\n<div class=\"notice_content\">\n<p>Protection judiciaire et extrajudiciaire dans les domaines indiqu\u00e9s.<\/p>\n<\/div>\n<\/div>\n<\/div><\/div>\n<\/div>\n<\/div>\n<\/div>\n<\/div>\n<\/div>\n<div id=\"cmsmasters_row_\" class=\"cmsmasters_row cmsmasters_color_scheme_default cmsmasters_row_top_default cmsmasters_row_bot_default cmsmasters_row_boxed\">\n<div class=\"cmsmasters_row_outer_parent\">\n<div class=\"cmsmasters_row_outer\">\n<div class=\"cmsmasters_row_inner\">\n<div class=\"cmsmasters_row_margin\">\n<div id=\"cmsmasters_column_\" class=\"cmsmasters_column one_first\">\n<div class=\"cmsmasters_column_inner\"><div id=\"cmsmasters_heading_\" class=\"cmsmasters_heading_wrap cmsmasters_heading_align_left\">\n\t<h4 class=\"cmsmasters_heading\">Technologie et t\u00e9l\u00e9communications<\/h4>\n<\/div><div class=\"cmsmasters_text\">\n<ul>\n<li>Introduction sur les march\u00e9s, y compris l\u2019obtention de licences et les questions r\u00e9glementaires.<\/li>\n<li>Bande radio\u00e9lectrique pour les services de t\u00e9l\u00e9communications.<\/li>\n<li>Commerce \u00e9lectronique et Internet:\n<ul>\n<li>Contrats de d\u00e9veloppement et d\u2019h\u00e9bergement de sites webs.<\/li>\n<li>Liens hypertexte.<\/li>\n<li>Plates-formes B2B, B2C et ASP.<\/li>\n<\/ul>\n<\/li>\n<li>Vente \u00e0 distance.<\/li>\n<li>Signature \u00e9lectronique.<\/li>\n<li>Banque \u00e9lectronique.<\/li>\n<li>Protection de donn\u00e9es.<\/li>\n<li>Privatisations.<\/li>\n<li>Joint Ventures.<\/li>\n<li>Accords de collaboration.<\/li>\n<li>Accords d\u2019interconnexion et accords d\u2019investissement et de gestion pour des op\u00e9rateurs et compagnies de services fixes, mobiles et de satellites.<\/li>\n<li>Conseil aupr\u00e8s des clients des secteurs de l\u2019\u00e9nergie, du transport et du commerce.<\/li>\n<\/ul>\n<\/div>\n<\/div><\/div>\n<\/div>\n<\/div>\n<\/div>\n<\/div>\n<\/div>\n\n","protected":false},"excerpt":{"rendered":"<p>Les biens immat\u00e9riels font l\u2019objet d\u2019un commerce tr\u00e8s intense au niveau national et international. C\u2019est la raison pour laquelle leur protection judiciaire et extrajudiciaire s\u2019av\u00e8re n\u00e9cessaire.<\/p>\n","protected":false},"author":1,"featured_media":14703,"menu_order":0,"comment_status":"closed","ping_status":"closed","template":"","format":"standard","meta":[],"pj-categs":[96],"pj-tags":[],"yoast_head":"<!-- This site is optimized with the Yoast SEO plugin v19.8 - https:\/\/yoast.com\/wordpress\/plugins\/seo\/ -->\n<title>Propri\u00e9t\u00e9 intellectuelle et industrielle - Sabria &amp; Gabarro<\/title>\n<meta name=\"robots\" content=\"index, follow, max-snippet:-1, max-image-preview:large, max-video-preview:-1\" \/>\n<link rel=\"canonical\" href=\"https:\/\/sabriagabarro.com\/fr\/project\/propriete-intellectuelle-et-industrielle\/\" \/>\n<meta property=\"og:locale\" content=\"fr_FR\" \/>\n<meta property=\"og:type\" content=\"article\" \/>\n<meta property=\"og:title\" content=\"Propri\u00e9t\u00e9 intellectuelle et industrielle - Sabria &amp; Gabarro\" \/>\n<meta property=\"og:description\" content=\"Les biens immat\u00e9riels font l\u2019objet d\u2019un commerce tr\u00e8s intense au niveau national et international. C\u2019est la raison pour laquelle leur protection judiciaire et extrajudiciaire s\u2019av\u00e8re n\u00e9cessaire.\" \/>\n<meta property=\"og:url\" content=\"https:\/\/sabriagabarro.com\/fr\/project\/propriete-intellectuelle-et-industrielle\/\" \/>\n<meta property=\"og:site_name\" content=\"Sabria &amp; Gabarro\" \/>\n<meta property=\"article:modified_time\" content=\"2017-01-20T09:28:30+00:00\" \/>\n<meta property=\"og:image\" content=\"https:\/\/sabriagabarro.com\/wp-content\/uploads\/2016\/12\/work5.jpg\" \/>\n\t<meta property=\"og:image:width\" content=\"1024\" \/>\n\t<meta property=\"og:image:height\" content=\"768\" \/>\n\t<meta property=\"og:image:type\" content=\"image\/jpeg\" \/>\n<meta name=\"twitter:card\" content=\"summary_large_image\" \/>\n<meta name=\"twitter:label1\" content=\"Dur\u00e9e de lecture estim\u00e9e\" \/>\n\t<meta name=\"twitter:data1\" content=\"2 minutes\" \/>\n<script type=\"application\/ld+json\" class=\"yoast-schema-graph\">{\"@context\":\"https:\/\/schema.org\",\"@graph\":[{\"@type\":\"WebPage\",\"@id\":\"https:\/\/sabriagabarro.com\/fr\/project\/propriete-intellectuelle-et-industrielle\/\",\"url\":\"https:\/\/sabriagabarro.com\/fr\/project\/propriete-intellectuelle-et-industrielle\/\",\"name\":\"Propri\u00e9t\u00e9 intellectuelle et industrielle - Sabria &amp; Gabarro\",\"isPartOf\":{\"@id\":\"https:\/\/sabriagabarro.com\/en\/#website\"},\"datePublished\":\"2017-01-20T09:23:19+00:00\",\"dateModified\":\"2017-01-20T09:28:30+00:00\",\"breadcrumb\":{\"@id\":\"https:\/\/sabriagabarro.com\/fr\/project\/propriete-intellectuelle-et-industrielle\/#breadcrumb\"},\"inLanguage\":\"fr-FR\",\"potentialAction\":[{\"@type\":\"ReadAction\",\"target\":[\"https:\/\/sabriagabarro.com\/fr\/project\/propriete-intellectuelle-et-industrielle\/\"]}]},{\"@type\":\"BreadcrumbList\",\"@id\":\"https:\/\/sabriagabarro.com\/fr\/project\/propriete-intellectuelle-et-industrielle\/#breadcrumb\",\"itemListElement\":[{\"@type\":\"ListItem\",\"position\":1,\"name\":\"Portada\",\"item\":\"https:\/\/sabriagabarro.com\/fr\/\"},{\"@type\":\"ListItem\",\"position\":2,\"name\":\"Projects\",\"item\":\"https:\/\/sabriagabarro.com\/fr\/project\/\"},{\"@type\":\"ListItem\",\"position\":3,\"name\":\"Propri\u00e9t\u00e9 intellectuelle et industrielle\"}]},{\"@type\":\"WebSite\",\"@id\":\"https:\/\/sabriagabarro.com\/en\/#website\",\"url\":\"https:\/\/sabriagabarro.com\/en\/\",\"name\":\"Sabria &amp; Gabarro\",\"description\":\"Abogados\",\"potentialAction\":[{\"@type\":\"SearchAction\",\"target\":{\"@type\":\"EntryPoint\",\"urlTemplate\":\"https:\/\/sabriagabarro.com\/en\/?s={search_term_string}\"},\"query-input\":\"required name=search_term_string\"}],\"inLanguage\":\"fr-FR\"}]}<\/script>\n<!-- \/ Yoast SEO plugin. -->","yoast_head_json":{"title":"Propri\u00e9t\u00e9 intellectuelle et industrielle - Sabria &amp; Gabarro","robots":{"index":"index","follow":"follow","max-snippet":"max-snippet:-1","max-image-preview":"max-image-preview:large","max-video-preview":"max-video-preview:-1"},"canonical":"https:\/\/sabriagabarro.com\/fr\/project\/propriete-intellectuelle-et-industrielle\/","og_locale":"fr_FR","og_type":"article","og_title":"Propri\u00e9t\u00e9 intellectuelle et industrielle - Sabria &amp; Gabarro","og_description":"Les biens immat\u00e9riels font l\u2019objet d\u2019un commerce tr\u00e8s intense au niveau national et international. C\u2019est la raison pour laquelle leur protection judiciaire et extrajudiciaire s\u2019av\u00e8re n\u00e9cessaire.","og_url":"https:\/\/sabriagabarro.com\/fr\/project\/propriete-intellectuelle-et-industrielle\/","og_site_name":"Sabria &amp; Gabarro","article_modified_time":"2017-01-20T09:28:30+00:00","og_image":[{"width":1024,"height":768,"url":"https:\/\/sabriagabarro.com\/wp-content\/uploads\/2016\/12\/work5.jpg","type":"image\/jpeg"}],"twitter_card":"summary_large_image","twitter_misc":{"Dur\u00e9e de lecture estim\u00e9e":"2 minutes"},"schema":{"@context":"https:\/\/schema.org","@graph":[{"@type":"WebPage","@id":"https:\/\/sabriagabarro.com\/fr\/project\/propriete-intellectuelle-et-industrielle\/","url":"https:\/\/sabriagabarro.com\/fr\/project\/propriete-intellectuelle-et-industrielle\/","name":"Propri\u00e9t\u00e9 intellectuelle et industrielle - Sabria &amp; Gabarro","isPartOf":{"@id":"https:\/\/sabriagabarro.com\/en\/#website"},"datePublished":"2017-01-20T09:23:19+00:00","dateModified":"2017-01-20T09:28:30+00:00","breadcrumb":{"@id":"https:\/\/sabriagabarro.com\/fr\/project\/propriete-intellectuelle-et-industrielle\/#breadcrumb"},"inLanguage":"fr-FR","potentialAction":[{"@type":"ReadAction","target":["https:\/\/sabriagabarro.com\/fr\/project\/propriete-intellectuelle-et-industrielle\/"]}]},{"@type":"BreadcrumbList","@id":"https:\/\/sabriagabarro.com\/fr\/project\/propriete-intellectuelle-et-industrielle\/#breadcrumb","itemListElement":[{"@type":"ListItem","position":1,"name":"Portada","item":"https:\/\/sabriagabarro.com\/fr\/"},{"@type":"ListItem","position":2,"name":"Projects","item":"https:\/\/sabriagabarro.com\/fr\/project\/"},{"@type":"ListItem","position":3,"name":"Propri\u00e9t\u00e9 intellectuelle et industrielle"}]},{"@type":"WebSite","@id":"https:\/\/sabriagabarro.com\/en\/#website","url":"https:\/\/sabriagabarro.com\/en\/","name":"Sabria &amp; Gabarro","description":"Abogados","potentialAction":[{"@type":"SearchAction","target":{"@type":"EntryPoint","urlTemplate":"https:\/\/sabriagabarro.com\/en\/?s={search_term_string}"},"query-input":"required name=search_term_string"}],"inLanguage":"fr-FR"}]}},"_links":{"self":[{"href":"https:\/\/sabriagabarro.com\/fr\/wp-json\/wp\/v2\/project\/14825"}],"collection":[{"href":"https:\/\/sabriagabarro.com\/fr\/wp-json\/wp\/v2\/project"}],"about":[{"href":"https:\/\/sabriagabarro.com\/fr\/wp-json\/wp\/v2\/types\/project"}],"author":[{"embeddable":true,"href":"https:\/\/sabriagabarro.com\/fr\/wp-json\/wp\/v2\/users\/1"}],"replies":[{"embeddable":true,"href":"https:\/\/sabriagabarro.com\/fr\/wp-json\/wp\/v2\/comments?post=14825"}],"version-history":[{"count":3,"href":"https:\/\/sabriagabarro.com\/fr\/wp-json\/wp\/v2\/project\/14825\/revisions"}],"predecessor-version":[{"id":14828,"href":"https:\/\/sabriagabarro.com\/fr\/wp-json\/wp\/v2\/project\/14825\/revisions\/14828"}],"wp:featuredmedia":[{"embeddable":true,"href":"https:\/\/sabriagabarro.com\/fr\/wp-json\/wp\/v2\/media\/14703"}],"wp:attachment":[{"href":"https:\/\/sabriagabarro.com\/fr\/wp-json\/wp\/v2\/media?parent=14825"}],"wp:term":[{"taxonomy":"pj-categs","embeddable":true,"href":"https:\/\/sabriagabarro.com\/fr\/wp-json\/wp\/v2\/pj-categs?post=14825"},{"taxonomy":"pj-tags","embeddable":true,"href":"https:\/\/sabriagabarro.com\/fr\/wp-json\/wp\/v2\/pj-tags?post=14825"}],"curies":[{"name":"wp","href":"https:\/\/api.w.org\/{rel}","templated":true}]}}

Propriété intellectuelle et industrielle

<div id="cmsmasters_row_" class="cmsmasters_row cmsmasters_color_scheme_default cmsmasters_row_top_default cmsmasters_row_bot_default cmsmasters_row_boxed">
<div class="cmsmasters_row_outer_parent">
<div class="cmsmasters_row_outer">
<div class="cmsmasters_row_inner">
<div class="cmsmasters_row_margin">
<div id="cmsmasters_column_" class="cmsmasters_column one_first">
<div class="cmsmasters_column_inner"><div class="cmsmasters_text">
<div class="cmsmasters_dropcap type1">L</div>es biens immatériels font l’objet d’un commerce très intense au niveau national et international. C’est la raison pour laquelle leur protection judiciaire et extrajudiciaire s’avère nécessaire.</p>
<p>Notre cabinet apporte ses services dans les domaines suivants :</p>
<p>&nbsp;</p>
<ul>
<li>Propriété intellectuelle</li>
<li>Propriété industrielle</li>
</ul>
</div>
</div></div>
</div>
</div>
</div>
</div>
</div>
<div id="cmsmasters_row_" class="cmsmasters_row cmsmasters_color_scheme_default cmsmasters_row_top_default cmsmasters_row_bot_default cmsmasters_row_boxed">
<div class="cmsmasters_row_outer_parent">
<div class="cmsmasters_row_outer">
<div class="cmsmasters_row_inner">
<div class="cmsmasters_row_margin">
<div id="cmsmasters_column_" class="cmsmasters_column one_first">
<div class="cmsmasters_column_inner"><div id="cmsmasters_notice_" class="cmsmasters_notice cmsmasters_notice_info cmsmasters-icon-check-1">
<div class="notice_content">
<p>Protection judiciaire et extrajudiciaire dans les domaines indiqués.</p>
</div>
</div>
</div></div>
</div>
</div>
</div>
</div>
</div>
<div id="cmsmasters_row_" class="cmsmasters_row cmsmasters_color_scheme_default cmsmasters_row_top_default cmsmasters_row_bot_default cmsmasters_row_boxed">
<div class="cmsmasters_row_outer_parent">
<div class="cmsmasters_row_outer">
<div class="cmsmasters_row_inner">
<div class="cmsmasters_row_margin">
<div id="cmsmasters_column_" class="cmsmasters_column one_first">
<div class="cmsmasters_column_inner"><div id="cmsmasters_heading_" class="cmsmasters_heading_wrap cmsmasters_heading_align_left">
	<h4 class="cmsmasters_heading">Technologie et télécommunications</h4>
</div><div class="cmsmasters_text">
<ul>
<li>Introduction sur les marchés, y compris l’obtention de licences et les questions réglementaires.</li>
<li>Bande radioélectrique pour les services de télécommunications.</li>
<li>Commerce électronique et Internet:
<ul>
<li>Contrats de développement et d’hébergement de sites webs.</li>
<li>Liens hypertexte.</li>
<li>Plates-formes B2B, B2C et ASP.</li>
</ul>
</li>
<li>Vente à distance.</li>
<li>Signature électronique.</li>
<li>Banque électronique.</li>
<li>Protection de données.</li>
<li>Privatisations.</li>
<li>Joint Ventures.</li>
<li>Accords de collaboration.</li>
<li>Accords d’interconnexion et accords d’investissement et de gestion pour des opérateurs et compagnies de services fixes, mobiles et de satellites.</li>
<li>Conseil auprès des clients des secteurs de l’énergie, du transport et du commerce.</li>
</ul>
</div>
</div></div>
</div>
</div>
</div>
</div>
</div>

<p>Les biens immatériels font l’objet d’un commerce très intense au niveau national et international. C’est la raison pour laquelle leur protection judiciaire et extrajudiciaire s’avère nécessaire.</p>

<!-- This site is optimized with the Yoast SEO plugin v19.8 - https://yoast.com/wordpress/plugins/seo/ -->
<title>Propriété intellectuelle et industrielle - Sabria &amp; Gabarro</title>
<meta name="robots" content="index, follow, max-snippet:-1, max-image-preview:large, max-video-preview:-1" />
<link rel="canonical" href="https://sabriagabarro.com/fr/project/propriete-intellectuelle-et-industrielle/" />
<meta property="og:locale" content="fr_FR" />
<meta property="og:type" content="article" />
<meta property="og:title" content="Propriété intellectuelle et industrielle - Sabria &amp; Gabarro" />
<meta property="og:description" content="Les biens immatériels font l’objet d’un commerce très intense au niveau national et international. C’est la raison pour laquelle leur protection judiciaire et extrajudiciaire s’avère nécessaire." />
<meta property="og:url" content="https://sabriagabarro.com/fr/project/propriete-intellectuelle-et-industrielle/" />
<meta property="og:site_name" content="Sabria &amp; Gabarro" />
<meta property="article:modified_time" content="2017-01-20T09:28:30+00:00" />
<meta property="og:image" content="https://sabriagabarro.com/wp-content/uploads/2016/12/work5.jpg" />
	<meta property="og:image:width" content="1024" />
	<meta property="og:image:height" content="768" />
	<meta property="og:image:type" content="image/jpeg" />
<meta name="twitter:card" content="summary_large_image" />
<meta name="twitter:label1" content="Durée de lecture estimée" />
	<meta name="twitter:data1" content="2 minutes" />
<script type="application/ld+json" class="yoast-schema-graph">{"@context":"https://schema.org","@graph":[{"@type":"WebPage","@id":"https://sabriagabarro.com/fr/project/propriete-intellectuelle-et-industrielle/","url":"https://sabriagabarro.com/fr/project/propriete-intellectuelle-et-industrielle/","name":"Propriété intellectuelle et industrielle - Sabria &amp; Gabarro","isPartOf":{"@id":"https://sabriagabarro.com/en/#website"},"datePublished":"2017-01-20T09:23:19+00:00","dateModified":"2017-01-20T09:28:30+00:00","breadcrumb":{"@id":"https://sabriagabarro.com/fr/project/propriete-intellectuelle-et-industrielle/#breadcrumb"},"inLanguage":"fr-FR","potentialAction":[{"@type":"ReadAction","target":["https://sabriagabarro.com/fr/project/propriete-intellectuelle-et-industrielle/"]}]},{"@type":"BreadcrumbList","@id":"https://sabriagabarro.com/fr/project/propriete-intellectuelle-et-industrielle/#breadcrumb","itemListElement":[{"@type":"ListItem","position":1,"name":"Portada","item":"https://sabriagabarro.com/fr/"},{"@type":"ListItem","position":2,"name":"Projects","item":"https://sabriagabarro.com/fr/project/"},{"@type":"ListItem","position":3,"name":"Propriété intellectuelle et industrielle"}]},{"@type":"WebSite","@id":"https://sabriagabarro.com/en/#website","url":"https://sabriagabarro.com/en/","name":"Sabria &amp; Gabarro","description":"Abogados","potentialAction":[{"@type":"SearchAction","target":{"@type":"EntryPoint","urlTemplate":"https://sabriagabarro.com/en/?s={search_term_string}"},"query-input":"required name=search_term_string"}],"inLanguage":"fr-FR"}]}</script>
<!-- / Yoast SEO plugin. -->

Propriété intellectuelle et industrielle - Sabria &amp; Gabarro

Les biens immatériels font l’objet d’un commerce très intense au niveau national et international. C’est la raison pour laquelle leur protection judiciaire et extrajudiciaire s’avère nécessaire.
